 -7 - (3 - 11)?
3
Evaluate (-18 - (-3 - 5)) + 23.
13
What is the value of 0 - (-11 + (-10 - -9))?
12
(1 + -1 - 18) + -45 + 10 + 34
-19
9 + (-10 - (2 + (6 - 31)))
22
Evaluate 16 - (12 + 6 + -25) - (9 - 1).
15
(-14 - (-2 - 47)) + -15
20
(-1 - 9) + (1 + (-10 - 1) - -10)
-10
What is the value of 34 + -1 - (-80 + -92 + 180)?
25
Evaluate (1 - (3 + -7 + (-12 - -31))) + 8.
-6
What is 3 - (9 - 5 - 26)?
25
What is 17 - (-7 - -16 - 8)?
16
Calculate -7 + -18 + 11 + 7.
-7
1 - 6 - (-2 - (3 + (-4 - 6)))
-10
Evaluate -28 - 3 - (-331 + 300).
0
What is -3 + -16 - (0 + -8)?
-11
What is the value of 1 - -12 - (-12 - (19 - 27))?
17
What is the value of -4 + (-2 - (-1 - (-6 + 13)))?
2
What is the value of 23 - (13 + 37) - -25?
-2
What is -3 + (-11 + 2 - -3 - (-41 - -12))?
20
(20 - (16 + -7 + 7)) + -5
-1
-6 + 5 + 7 + (4 - 19) + 1
-8
Calculate 40 + 0 + -10 + -15.
15
Evaluate 55 + -71 + 0 + 14.
-2
-122 + 111 + (2 - (-19 + -4))
14
Calculate -8 + 0 + 11 + (-11 - -7) + -21.
-22
Evaluate 2 - 5 - ((-5 - -21 - 8) + -29).
18
What is -1 + -1 + -16 + 26?
8
-27 + 0 + -13 + 29
-11
Calculate 5 - (14 + 2 + (2 - 16 - -9)).
-6
Evaluate 20 - (5 + -13 + 22).
6
12 + (3 - 1) - 2
12
What is the value of (0 + -1 - -9) + (51 - 31) + -41?
-13
What is 9 + (-9 + 6 - 5 - 6)?
-5
Calculate 19 - (30 + -11) - 1.
-1
Calculate 18 + (-33 + 26 - 16).
-5
What is 0 + 3 + 1 + (11 - 10) + 4?
9
What is -2 + -2 - (-7 + (-9 - -8))?
4
Evaluate 5 + 8 + -2 - (1 + -1).
11
Calculate 1 + (-4 - -3) + 10.
10
Calculate -12 + 8 + -14 - (-1 + 2 - 7).
-12
What is the value of (-18 - -16) + (-7 - 1)?
-10
Evaluate -4 - (17 - 6) - (-7 + -8).
0
What is the value of (-46 - (2 - -2)) + 40?
-10
Evaluate 6 - (-193 - -189 - (-9 - (1 - 0))).
0
What is the value of (-7 - -5 - 3) + (3 - (3 - -4))?
-9
What is the value of (4 - -4 - 2) + -10?
-4
What is the value of (17 + (-5 - -1) - -4) + -90 + 97?
24
Calculate 0 + -3 + -25 - ((18 - 34) + 9).
-21
Calculate 212 + -209 + (-5 + 2 - 14).
-14
Evaluate 23 + -22 + -23 - (1 + -14).
-9
Evaluate -11 + -1 + (34 - 19).
3
-7 + 1 - ((1 - 6) + (-2 - 0))
1
What is the value of -2 + -6 + -8 - -10?
-6
Evaluate -4 + (-32 + 38 - (5 + 0) - 4).
-7
What is the value of (3 - 9) + -4 - (17 + -32 - 18)?
23
What is the value of (4 - (1 - -7)) + 23?
19
What is -8 - -31 - 12 - 7?
4
Evaluate (-5 - -13) + -9 - -1 - (11 - 0).
-11
Calculate (-19 - -2) + (-94 - -106).
-5
-17 + (27 + -22 - -11)
-1
Calculate (2 - 2) + (-13 - -24).
11
What is the value of 14 + -1 + (4 - 8) + -3 - -7?
13
Calculate 6 + (2 - -1) - (-7 - 7).
23
Calculate 3 + 8 + (-36 - -22) + -1.
-4
Evaluate (-30 - 2) + -38 + -1 + 42.
-29
Evaluate 24 + (-48 - -28) + (-26 - 1).
-23
What is the value of 269 + -250 + (-3 - (2 + -1))?
15
Calculate 2 - -23 - (-496 + 505).
16
Evaluate -8 + -3 + 4 + (-1 - -6) - -2.
0
Evaluate 1 - (8 + -5 + 1) - -6.
3
9 + 7 + -4 + (-4 - (-4 - -4))
8
What is ((-1 - 30) + 13 - -23) + 26?
31
Evaluate -4 - (1 + (1 - 2)) - -4 - -14.
14
What is 8 - (-9 - (-21 - -6) - 14)?
16
What is the value of (-1 - (34 - -14)) + 1 - -9?
-39
Calculate -2 + 1 - ((0 - -13) + -15).
1
Evaluate -9 - ((5 - 2) + (-5 - (-16 + 17))).
-6
What is the value of 6 + 4 + (-6 - (-7 - (9 - 19)))?
1
-5 + (-24 - -8 - -31) - 19
-9
(2 - 8) + (9 + -21 - -30) + -6
6
What is the value of 1 + 8 - ((2 - -3) + 14 + -16)?
6
What is -35 - -18 - (2 + -32)?
13
Calculate 4 + -4 + 12 + -3 + 38 + -26.
21
What is (5 - 3) + -37 + 20?
-15
8 - -3 - (3 - (1 - 5))
4
Evaluate 327 + -324 + (-1 - (2 + 3)).
-3
What is (-49 - (-5 + -6)) + 30?
-8
What is the value of 17 + -5 + 27 + -50?
-11
-172 + 205 - (13 - (-4 - -2))
18
Calculate -3 - (19 + -11) - -34.
23
(7 - 7) + (3 - (-17 + 3))
17
Evaluate -3 + -7 - (-8 - (0 - (5 - -1))).
-8
What is the value of -5 - 3 - -2 - (-3 - (-3 + -7))?
-13
What is 7 + (5 - (-4 - 2 - -9)) - -5?
14
Calculate 15 - -7 - (2 + (-5 - 1) + 4).
22
What is the value of 6 - (-19 - 2) - (8 - (12 + -10))?
21
What is -3 + -2 - ((-22 - -6) + 4)?
7
What is 0 + (-4 - -1) - (18 - (33 - 9))?
3
Calculate 18 + (-4 - 12) + 9 - (29 + -12).
-6
Calculate -9 + -12 + -10 + 36 - -10.
15
Calculate 37 - 29 - -9 - (2 - -12).
3
Calculate (5 - (3 - 3)) + -3 + 2 - 1.
3
Calculate (2 + -8 + -1 - -32) + -17 + 14.
22
What is the value of 9 - (-12 - (-9 - 12))?
0
What is -153 + 165 + -4 + 0?
8
Calculate -16 + (-2 - 18) - -23.
-13
What is the value of (46 - 15 - 24) + (1 - (-12 - 0))?
20
What is the value of 12 + (5 - 9 - 12) + 6 + 8?
10
Evaluate -4 + (-15 - (-3 - 2)) + (0 - 0).
-14
Calculate (-33 - -27) + (0 - 2) + 1.
-7
What is the value of (-145 - -168) + -27 + -2?
-6
What is the value of (6 + -16 + 14 - 3) + 10?
11
(-3 - 2) + (-14 - (-6 - -18)) - -5
-26
What is the value of -33 + (3 - -18) - (1 + 1 - -1)?
-15
Calculate 20 + -18 - (-8 - (-1 + 7 + -40)).
-24
What is the value of 2 + 15 + 3 + -9?
11
What is -1 + ((-9 - 9) + 13 - (-31 + -1))?
26
50 - (-2 - -38) - -3
17
What is the value of (-7 - -8) + -2 - (1 - 11)?
9
Calculate 9 - 1 - (-28 + (69 - 24)).
-9
What is the value of 11 + (27 - (-8 + 43))?
3
Calculate 29 + -18 - (14 - 0) - -9.
6
What is the value of (43 - 32) + 19 + (1 - 17)?
14
What is (-5 + (-9 - -20) - 11 - -7) + 24?
26
What is (-7 + (40 - 17) - 5) + 28?
39
176 - 159 - (10 - (4 + -2))
9
Evaluate (-27 - -5) + 3 + 418 + -425.
-26
What is the value of 7 + (-51 + 18 - -9) + 15?
-2
6 + 18 + -13 - (-51 + 39)
23
What is the value of 213 + -251 + (-3 - -36)?
-5
Evaluate -24 - (72 + -95) - (-35 - -2).
32
(-9 - 1) + 9 + 1 + -15 + 3
-12
What is -1331 + 1327 - (-6 - (-1 - 0))?
1
Calculate (-1 - 2) + 1 + 35 + -41.
-8
Evaluate (37 - -8) + (12 - 7 - 12).
38
What is 1 + 0 - (39 + -21 + -14) - 4?
-7
Evaluate 4 + -37 + 15 + 9 + 1 + -9.
-17
-11 + (46 - 15) + -17
3
What is 2 + -5 - ((14 - 30) + 19)?
-6
Calculate (-2 - -16) + -15 - 14.
-15
What is the value of -50 + 46 + 2 + 18 + -3 + 8?
21
What is the value of (-95 - -87) + (-1 - -3) - 2 - -5?
-3
Evaluate -6 + -32 - (23 + 2 + -25).
-38
Calculate 45 + (-34 - -23) + -24.
10
What is the value of 34 + (64 - 69) + (-1 - 11)?
17
(6 + 16 - 34) + 24
12
Calculate -7 + 10 - (9 - 14).
8
What is the value of 2 + (84 + -86 + (6 - 1) - 2)?
3
3 + (-2 - -9) + 3 + -3
10
Calculate (-4 - (-4 - -13)) + 16.
3
What is the value of (6 - 4 - (3 + -1)) + (1 - 5)?
-4
(6 - -1) + -47 + 26
-14
What is the value of (-9 - -1) + 6 + -4 - (12 - 0)?
-18
What is the value of -10 - (-7 + (6 - (8 - 6)))?
-7
What is -41 + 37 - (4 + 5) - (8 - 1)?
-20
Evaluate (-12 - (12 + -24)) + (3 - 6 - -13).
10
(-112 - -95) + (2 + -2 - -1)
-16
What is the value of (-3 - (3 + -20)) + (127 - 136) + 20?
25
What is -11 + (-11 - -5) - (2 + -51)?
32
What is 7 + 12 - (7 + -4 + 5 + -3)?
14
What is the value of 34 + -6 + -31 + 4 + -3?
-2
What is -2 - 15 - (-23 + 32) - -1?
-25
Calculate 16 + (-5 - (-4 - -10)).
5
What is the value of (7 - -1) + 8 + (5 - 11)?
10
Calculate -13 + 24 + -7 + 3.
7
Evaluate (2 - 25) + 45 - 23.
-1
What is the value of 2 + (14 - -5) - 15?
6
What is (4 + (-6 - -9) - (-3 + 0)) + -6?
4
What is the value of -5 - (5 + -8 + -9 + -5)?
12
-8 - ((7 - 30) + 39)
-24
Evaluate -17 + 18 + (-9 - (-2 - 0)).
-6
Evaluate (4 - -9) + (2 - (7 - (-7 - -6))).
7
Evaluate -11 - ((-24 - -14) + 10) - -29.
18
Calculate (10 - 21 - -5 - (6 - 3)) + -7.
-16
(-46 - -33) + 3 + -6 + 0 + 10
-6
Evaluate 5 - 1 - ((-5 - -7) + -11).
13
Evaluate (-2 - 1) + -7 + -2 - -26.
14
Evaluate -3 + 2 - (0 - (11 + -5)).
5
Evaluate -27 - (1 - (19 + (7 - 15))).
-17
Calculate -24 + -15 + 23 + -11 + 10.
-17
0 - ((-39 - -42) + (-1 - 1) - -7)
-8
Evaluate (7 - (4 + -2)) + (3 - (-16 - -29)).
-5
What is the value of 0 - (3 - (0 - 2)) - -6?
1
What is the value of -5 - (-1 + 5 + 1) - 1?
-11
What is -28 + (43 + -3 - 36)?
-24
What is the value of -2 - 0 - (1 - 1) - (18 + -20)?
0
-14 - (4 - 27) - -3
12
Calculate 2 + (2 - -4 - 13) - 0.
-5
-9 + (9 - -2) - (1 + -6 + -2)
9
What is 64 - 3 - 63 - (-1 - 25)?
24
20 + -8 + 5 + -5
12
-7 - 0 - -6 - (3 + -2 - -3)
-5
What is the value of (6 + 13 - 16) + -8?
-5
Calculate -5 + 1 + -1 - ((130 - 165) + 68).
-38
Evaluate 622 + -633 - (-21 + 1).
9
(-6 - (-1 + 3)) + (-8 - -4)
-12
What is the value of (-5 - (-5 + 4)) + (-11 - -13)?
-2
Calculate 2 - ((-6 - ((-7 - -12) + -4)) + 38).
-29
Calculate -6 - (5 + -13 + 1 + -1).
2
What is 22 + -6 - 11 - -5?
10
Calculate 25 + (7 - -3 - (19 + 1)).
15
Calculate -11 + 39 + -12 + 14 + -8.
22
6 +